05-31 11:03:17.067 10547 10707 V nv_syscaps: ..> GL_OES_texture_float_linear
05-31 11:03:17.067 10547 10707 V nv_syscaps: ..>
GL_ARM_texture_unnormalized_coordinates
05-31 11:03:17.068 10547 10707 I [Link]: Build info version device Infinix-
X697
05-31 11:03:17.068 10547 10707 I [Link]: Build MANUFACTURER INFINIX MOBILITY
LIMITED
05-31 11:03:17.068 10547 10707 I [Link]: Build BOARD Infinix-X697
05-31 11:03:17.068 10547 10707 I [Link]: Build DISPLAY X697-H812ABC-R-OP-
231023V1728
05-31 11:03:17.068 10547 10707 I [Link]: Build CPU_ABI armeabi-v7a
05-31 11:03:17.068 10547 10707 I [Link]: Build CPU_ABI2 armeabi
05-31 11:03:17.068 10547 10707 I [Link]: Build HARDWARE mt6781
05-31 11:03:17.068 10547 10707 I [Link]: Build MODEL Infinix X697
05-31 11:03:17.068 10547 10707 I [Link]: Build PRODUCT X697-OP
05-31 11:03:17.068 10547 10707 I [Link]: **** IsPhone
05-31 11:03:17.068 10547 10707 I [Link]: **** GetAndroidBuildinfo
05-31 11:03:17.068 10547 10707 I [Link]: **** GetAndroidBuildinfo
05-31 11:03:17.068 10547 10707 I [Link]: Build info version device Infinix-
X697
05-31 11:03:17.068 10547 10707 I [Link]: Build MANUFACTURER INFINIX MOBILITY
LIMITED
05-31 11:03:17.068 10547 10707 I [Link]: Build BOARD Infinix-X697
05-31 11:03:17.068 10547 10707 I [Link]: Build DISPLAY X697-H812ABC-R-OP-
231023V1728
05-31 11:03:17.068 10547 10707 I [Link]: Build CPU_ABI armeabi-v7a
05-31 11:03:17.068 10547 10707 I [Link]: Build CPU_ABI2 armeabi
05-31 11:03:17.068 10547 10707 I [Link]: Build HARDWARE mt6781
05-31 11:03:17.068 10547 10707 I [Link]: Build MODEL Infinix X697
05-31 11:03:17.068 10547 10707 I [Link]: Build PRODUCT X697-OP
05-31 11:03:17.068 10547 10707 I [Link]: **** IsPhone
05-31 11:03:17.070 10547 10707 I [Link]: **** FileGetArchiveName
05-31 11:03:17.075 10547 10707 I [Link]: **** FileGetArchiveName
05-31 11:03:17.077 10547 10707 I [Link]: **** GetDeviceLocale
05-31 11:03:17.077 10547 10731 D OSWrapper: AttachCurrentThread: 0, 0x0x90cc82b0
05-31 11:03:17.097 10547 10732 D OSWrapper: AttachCurrentThread: 0, 0x0xe9f20b40
05-31 11:03:17.097 10547 10732 D libMEOW : applied 1 plugins for
[[Link]]:
05-31 11:03:17.097 10547 10732 D libMEOW : plugin 1: [libMEOW_gift.so]:
05-31 11:03:17.099 10547 10707 I AXL : Loading "samp" cd..
05-31 11:03:17.247 10547 10733 D OSWrapper: AttachCurrentThread: 0, 0x0x90ccf160
05-31 11:03:17.301 10547 10733 I AXL : Loading [Link]..
05-31 11:03:17.472 10547 10744 D OSWrapper: AttachCurrentThread: 0, 0x0xe9f3e5a0
05-31 11:03:17.512 10547 10733 D [Link]: PlayerBase::PlayerBase()
05-31 11:03:17.513 10547 10733 D [Link]: TrackPlayerBase::TrackPlayerBase()
05-31 11:03:17.513 10547 10733 I libOpenSLES: Emulating old channel mask behavior
(ignoring positional mask 0x3, using default mask 0x3 based on channel count of 2)
05-31 11:03:17.513 10547 10733 D AudioTrack: INSP:
type=audio,case=1,set=0xe1f50ff0,stream_type=3,sample_rate=44100,format=0x1,channel
_mask=0x3,frame_count=0,flags=0x104,notification_frames=-
2,session_id=36017,transfer_type=0,uid=-1,pid=-1
05-31 11:03:17.514 10547 10733 D AudioTrack: set(): 0xe1f50ff0, Create
AudioTrackThread, tid = 10752
05-31 11:03:17.524 10547 10733 D AudioTrack: createTrack_l(0):
AUDIO_OUTPUT_FLAG_FAST denied by server; frameCount 0 -> 1418
05-31 11:03:17.524 10547 10733 D AudioTrack: createTrack_l(5210): 0xe1f50ff0, mCblk
= 0x910a30e0, mLatency = 74, mAfLatency = 42, frameCount = 1418, mSampleRate =
44100, mFlags = 0, mReqFrameCount = 1418, mNotificationFramesAct = 472
05-31 11:03:17.526 10547 10733 I OpenAL_alSource.c: AL lib: (EE)
UpdateDeviceParams: Failed to set 22050hz, got 44100hz instead
05-31 11:03:17.526 10547 10733 D AudioTrack: start(5210): 0xe1f50ff0, prior
state:STATE_STOPPED
05-31 11:03:17.533 10547 10753 D OSWrapper: AttachCurrentThread: 0, 0x0x90ccfd10
05-31 11:03:17.664 10547 10733 I AXL : Creating "MultiPlayer" button.. (struct:
0x94EBBF7C)
05-31 11:03:17.761 10547 10732 I [Link]: swapBuffer wait
05-31 11:03:17.763 10547 10733 I AXL : CGame: InitInMenu
05-31 11:03:17.763 10547 10733 I AXL : Installing patches..
05-31 11:03:17.768 10547 10733 I AXL : installHook: 0x92D799B0 -> 0x92632071
05-31 11:03:17.768 10547 10733 I AXL : installHook: 0x92D78338 -> 0x92631EAD
05-31 11:03:17.769 10547 10733 I AXL : installHook: 0x92D79178 -> 0x92631EE1
05-31 11:03:17.769 10547 10733 I AXL : installHook: 0x92D9E47C -> 0x92637ED5
05-31 11:03:17.769 10547 10733 I AXL : installHook: 0x92E2C528 -> 0x92637CAD
05-31 11:03:17.769 10547 10733 I AXL : installHook: 0x9306B9D8 -> 0x92637D39
05-31 11:03:17.769 10547 10733 I AXL : installHook: 0x930579AC -> 0x92636EE9
05-31 11:03:17.769 10547 10733 I AXL : installHook: 0x92F726AC -> 0x92637DF9
05-31 11:03:17.769 10547 10733 I AXL : installHook: 0x92D86398 -> 0x92635475
05-31 11:03:17.769 10547 10733 I AXL : installHook: 0x92EDCCA8 -> 0x92632A99
05-31 11:03:17.769 10547 10733 I AXL : installHook: 0x92E9FEF4 -> 0x92631C35
05-31 11:03:17.769 10547 10733 I AXL : installHook: 0x92EA0098 -> 0x92631E71
05-31 11:03:17.769 10547 10733 I AXL : installHook: 0x92D3ED5C -> 0x92632B31
05-31 11:03:17.769 10547 10733 I AXL : installHook: 0x92D9383C -> 0x92632CE1
05-31 11:03:17.769 10547 10733 I AXL : installHook: 0x92E3B690 -> 0x9263329D
05-31 11:03:17.769 10547 10733 I AXL : installHook: 0x92EE0A88 -> 0x9263333D
05-31 11:03:17.769 10547 10733 I AXL : installHook: 0x92EDFF84 -> 0x92633341
05-31 11:03:17.770 10547 10733 I AXL : installHook: 0x92ECC0C0 -> 0x926378BD
05-31 11:03:17.770 10547 10733 I AXL : installHook: 0x92F87E60 -> 0x926336D9
05-31 11:03:17.770 10547 10733 I AXL : installHook: 0x92F883CC -> 0x92633709
05-31 11:03:17.770 10547 10733 I AXL : CodeInject: 0x92DDE9F4 -> 0x92633629
(register: r1)
05-31 11:03:17.770 10547 10733 I AXL : installHook: 0x92E3B268 -> 0x92634051
05-31 11:03:17.770 10547 10733 I AXL : installHook: 0x9306B68C -> 0x926375F5
05-31 11:03:17.770 10547 10733 I AXL : installHook: 0x92E3B618 -> 0x926340E5
05-31 11:03:17.770 10547 10733 I AXL : installHook: 0x92E42A5C -> 0x92633FED
05-31 11:03:17.770 10547 10733 I AXL : installHook: 0x93036118 -> 0x92634001
05-31 11:03:17.770 10547 10733 I AXL : installHook: 0x92CB3CC0 -> 0x92633FD5
05-31 11:03:17.770 10547 10733 I AXL : installHook: 0x92DE4D30 -> 0x92634015
05-31 11:03:17.770 10547 10733 I AXL : installHook: 0x92E3FD78 -> 0x9263402D
05-31 11:03:17.770 10547 10733 I AXL : installHook: 0x92D61B8C -> 0x92637F0D
05-31 11:03:17.770 10547 10733 I AXL : installHook: 0x93015B08 -> 0x92637C15
05-31 11:03:17.771 10547 10733 I AXL : installHook: 0x92EDA894 -> 0x92634171
05-31 11:03:17.771 10547 10733 I AXL : installHook: 0x92D7B510 -> 0x926348FD
05-31 11:03:17.771 10547 10733 I AXL : installHook: 0x92EC6BF8 -> 0x92634BB9
05-31 11:03:17.771 10547 10733 I AXL : installHook: 0x92E9A994 -> 0x92634C41
05-31 11:03:17.771 10547 10733 I AXL : installHook: 0x92EF4518 -> 0x926351F5
05-31 11:03:17.771 10547 10733 I AXL : installHook: 0x92D5D910 -> 0x926353A5
05-31 11:03:17.771 10547 10733 I AXL : installHook: 0x92EB1114 -> 0x926353D5
05-31 11:03:17.771 10547 10733 I AXL : installHook: 0x92E3ACC0 -> 0x926353D9
05-31 11:03:17.771 10547 10733 I AXL : installHook: 0x92CC1314 -> 0x92635491
05-31 11:03:17.771 10547 10733 I AXL : installHook: 0x92CAD530 -> 0x92635561
05-31 11:03:17.771 10547 10733 I AXL : installHook: 0x92E3DCBC -> 0x926358E5
05-31 11:03:17.771 10547 10733 I AXL : installHook: 0x93012EF4 -> 0x92635995
05-31 11:03:17.771 10547 10733 I AXL : installHook: 0x92E9D6CC -> 0x92635A51
05-31 11:03:17.771 10547 10733 I AXL : installHook: 0x92E9D334 -> 0x92635ED1
05-31 11:03:17.771 10547 10733 I AXL : installHook: 0x9304B6EC -> 0x92636081
05-31 11:03:17.771 10547 10733 I AXL : installHook: 0x9301DEC4 -> 0x92636281
05-31 11:03:17.772 10547 10733 I AXL : installHook: 0x92FEB71C -> 0x92636521
05-31 11:03:17.772 10547 10733 I AXL : installHook: 0x92FE16E8 -> 0x926364FD
05-31 11:03:17.772 10547 10733 I AXL : installHook: 0x92EEDD48 -> 0x92636385
05-31 11:03:17.772 10547 10733 I AXL : installHook: 0x92EED884 -> 0x92636489
05-31 11:03:17.772 10547 10733 I AXL : installHook: 0x92F71EF4 -> 0x926365DD
05-31 11:03:17.772 10547 10733 I AXL : installHook: 0x92EDF86C -> 0x926365F5
05-31 11:03:17.772 10547 10733 I AXL : installHook: 0x930579FC -> 0x92636651
05-31 11:03:17.772 10547 10733 I AXL : installHook: 0x9303A3B4 -> 0x926369B5
05-31 11:03:17.772 10547 10733 I AXL : installHook: 0x9305765C -> 0x92636C99
05-31 11:03:17.772 10547 10733 I AXL : installHook: 0x92D828A8 -> 0x92636989
05-31 11:03:17.772 10547 10733 I AXL : installHook: 0x92D81E88 -> 0x92636F7D
05-31 11:03:17.772 10547 10733 I AXL : installHook: 0x92E8ED74 -> 0x926370FD
05-31 11:03:17.772 10547 10733 I AXL : installHook: 0x92EA2C68 -> 0x926372DD
05-31 11:03:17.772 10547 10733 I AXL : installHook: 0x92E20164 -> 0x926373D1
05-31 11:03:17.772 10547 10733 I AXL : installHook: 0x92F3F17C -> 0x926373F9
05-31 11:03:17.773 10547 10733 I AXL : installHook: 0x92CB6808 -> 0x92637EC1
05-31 11:03:17.773 10547 10733 I AXL : installHook: 0x92F0A2B8 -> 0x9263569D
05-31 11:03:17.773 10547 10733 I AXL : installHook: 0x92E60E30 -> 0x926356B5
05-31 11:03:17.773 10547 10733 I AXL : installHook: 0x92D79AB4 -> 0x92631FA9
05-31 11:03:17.773 10547 10733 I AXL : installHook: 0x92FBE7FC -> 0x92637FCD
05-31 11:03:17.773 10547 10733 I AXL : installHook: 0x92F5F280 -> 0x9263FF3D
05-31 11:03:17.773 10547 10733 I AXL : installHook: 0x92EA208C -> 0x9263F591
05-31 11:03:17.773 10547 10733 I AXL : installHook: 0x92EA2110 -> 0x9263F5F1
05-31 11:03:17.773 10547 10733 I AXL : installHook: 0x92EA254C -> 0x9263FBFD
05-31 11:03:17.773 10547 10733 I AXL : installHook: 0x92EA2528 -> 0x9263FC91
05-31 11:03:17.773 10547 10733 I AXL : installHook: 0x92EA2344 -> 0x9263FD25
05-31 11:03:17.773 10547 10733 I AXL : installHook: 0x92EA2368 -> 0x9263FD95
05-31 11:03:17.773 10547 10733 I AXL : installHook: 0x92EA3AA4 -> 0x9263F64D
05-31 11:03:17.773 10547 10733 I AXL : installHook: 0x92EA39B8 -> 0x9263F6A1
05-31 11:03:17.774 10547 10733 I AXL : installHook: 0x92EA396C -> 0x9263F70D
05-31 11:03:17.774 10547 10733 I AXL : installHook: 0x92EA3824 -> 0x9263F769
05-31 11:03:17.774 10547 10733 I AXL : installHook: 0x92EA38C0 -> 0x9263F7BD
05-31 11:03:17.774 10547 10733 I AXL : installHook: 0x92EA3A0C -> 0x9263F811
05-31 11:03:17.774 10547 10733 I AXL : installHook: 0x92EA3A4C -> 0x9263F865
05-31 11:03:17.774 10547 10733 I AXL : installHook: 0x92EA2D9C -> 0x9263F8E1
05-31 11:03:17.774 10547 10733 I AXL : installHook: 0x92EA3038 -> 0x926402D1
05-31 11:03:17.774 10547 10733 I AXL : installHook: 0x92EA3498 -> 0x9264039D
05-31 11:03:17.774 10547 10733 I AXL : installHook: 0x92EA3418 -> 0x92640371
05-31 11:03:17.774 10547 10733 I AXL : installHook: 0x92FC6748 -> 0x92640351
05-31 11:03:17.774 10547 10733 I AXL : installHook: 0x92EA37B0 -> 0x9263F8B5
05-31 11:03:17.774 10547 10733 I AXL : installHook: 0x92EA2B50 -> 0x9263F93D
05-31 11:03:17.774 10547 10733 I AXL : installHook: 0x92EA19E4 -> 0x9263F985
05-31 11:03:17.774 10547 10733 I AXL : installHook: 0x92EA1BF0 -> 0x9263F9C1
05-31 11:03:17.774 10547 10733 I AXL : installHook: 0x92EA2B7C -> 0x9263F9FD
05-31 11:03:17.775 10547 10733 I AXL : installHook: 0x92EA2938 -> 0x9263FAB5
05-31 11:03:17.775 10547 10733 I AXL : installHook: 0x92EA2754 -> 0x9263FB6D
05-31 11:03:17.775 10547 10733 I AXL : installHook: 0x92EA24F8 -> 0x9263FE05
05-31 11:03:17.775 10547 10733 I AXL : installHook: 0x92EA24C8 -> 0x9263FBB5
05-31 11:03:17.775 10547 10733 I AXL : installHook: 0x92EA2A1C -> 0x9263FEE1
05-31 11:03:17.775 10547 10733 I AXL : installHook: 0x92EA2D30 -> 0x92640565
05-31 11:03:17.775 10547 10733 I AXL : Loading splash texture..
05-31 11:03:17.775 10547 10733 I AXL : Initializing GUI..
05-31 11:03:17.776 10547 10733 I AXL : GUI | Display size: 2460.000000,
1080.000000
05-31 11:03:17.776 10547 10733 I AXL : GUI | Scale factor: 1.281250, 1.000000
Font size: 30.000000
05-31 11:03:17.776 10547 10733 I AXL : GUI | Loading font: [Link]
05-31 11:03:17.780 10547 10733 I AXL : GUI | ImFont pointer = 0xEA2F17F0
05-31 11:03:17.782 10547 10733 I AXL :
05-31 11:03:17.782 10547 10733 I AXL : Initalizing KeyBoard..
05-31 11:03:17.782 10547 10733 I AXL : Size: 2460.000000, 594.000000. Pos:
0.000000, 486.000000
05-31 11:03:17.782 10547 10733 I AXL : font size: 70.000000. Key's height:
118.800003
05-31 11:03:17.782 10547 10733 I AXL : InitENG
05-31 11:03:17.782 10547 10733 I AXL : InitRU
05-31 11:03:17.782 10547 10733 I AXL : InitNUM
05-31 11:03:17.782 10547 10733 I AXL : KeyBoard inited
05-31 11:03:17.782 10547 10733 I AXL : Loading afk_icon..
05-31 11:03:17.783 10547 10733 I AXL : KillList initialize
05-31 11:03:17.783 10547 10733 I AXL :
05-31 11:03:17.785 10547 10733 I AXL : Max sources: 255
05-31 11:03:17.789 10547 10733 W libOpenSLES: Conversion from OpenSL ES positional
channel mask 0x4 to Android mask 0 loses channels
05-31 11:03:17.789 10547 10733 I libOpenSLES: Emulating old channel mask behavior
(ignoring positional mask 0x4, using default mask 0x10 based on channel count of 1)
05-31 11:03:17.789 10547 10733 D AudioRecord: set(): 0xea313210, inputSource 7,
sampleRate 24000, format 0x1, channelMask 0x10, frameCount 0, notificationFrames 0,
sessionId 0, transferType 1, flags 0x5, opPackageName uid -1, pid -1
05-31 11:03:17.792 10547 10771 D AudioTrack: INSP:
type=audio,case=1,set=0xe1f52cf0,stream_type=-
1,sample_rate=22050,format=0x1,channel_mask=0x3,frame_count=1896,flags=0x0,notifica
tion_frames=0,session_id=0,transfer_type=3,uid=-1,pid=-1
05-31 11:03:17.792 10547 10771 D AudioTrack: INSP:
type=audio,case=1,attributes=1,content_type=2,usage=1,source=0,flags=0x800
05-31 11:03:17.792 10547 10771 D AudioTrack: set(): Building AudioTrack with
attributes: usage = 1, content = 2, flags = 0x800, tags = []
05-31 11:03:17.792 10547 10771 D AudioTrack: set(): 0xe1f52cf0, Create
AudioTrackThread, tid = 10773
05-31 11:03:17.805 10547 10771 D AudioTrack: createTrack_l(5211): 0xe1f52cf0, mCblk
= 0x910a51c0, mLatency = 127, mAfLatency = 42, frameCount = 1896, mSampleRate =
22050, mFlags = 0, mReqFrameCount = 1896, mNotificationFramesAct = 632
05-31 11:03:17.810 10547 10771 W AudioTrack: Use of stream types is deprecated for
operations other than volume control
05-31 11:03:17.810 10547 10771 W AudioTrack: See the documentation of AudioTrack()
for what to use instead with [Link] to qualify your playback
use case
05-31 11:03:17.810 10547 10771 D AudioTrack: start(5211): 0xe1f52cf0, prior
state:STATE_STOPPED
05-31 11:03:17.862 10547 10733 D AudioRecord: openRecord_l: 0xea313210, mCblk =
0x910a72a0
05-31 11:03:17.862 10547 10733 D TranMagiqueSon: TranMagiqueSon+ OpPackageName =
[Link]
05-31 11:03:17.863 10547 10733 D TranMagiqueSon: magiqueSonInit
mMagiueSonModeParam[0].mModeType = 1,mMagiueSonModeParam[0].mModeTempo 100,
mMagiueSonModeParam[0].mModePitch = -25,mMagiueSonModeParam[0].mModeRate = 100
05-31 11:03:17.863 10547 10733 D TranMagiqueSon: magiqueSonInit
mMagiueSonModeParam[1].mModeType = 2,mMagiueSonModeParam[1].mModeTempo 100,
mMagiueSonModeParam[1].mModePitch = -70,mMagiueSonModeParam[1].mModeRate = 100
05-31 11:03:17.863 10547 10733 D TranMagiqueSon: magiqueSonInit
mMagiueSonModeParam[2].mModeType = 3,mMagiueSonModeParam[2].mModeTempo 100,
mMagiueSonModeParam[2].mModePitch = 60,mMagiueSonModeParam[2].mModeRate = 100
05-31 11:03:17.863 10547 10733 D TranMagiqueSon: magiqueSonInit
mMagiueSonModeParam[3].mModeType = 4,mMagiueSonModeParam[3].mModeTempo 100,
mMagiueSonModeParam[3].mModePitch = 100,mMagiueSonModeParam[3].mModeRate = 100
05-31 11:03:17.863 10547 10733 D TranMagiqueSon: magiqueSonInit- mModeSize = 4
05-31 11:03:17.863 10547 10733 W libOpenSLES: class OutputMix interface 0 requested
but unavailable MPH=43
05-31 11:03:17.863 10547 10733 D AudioRecord: stop(5215): 0xea313210, mActive:0
05-31 11:03:17.863 10547 10733 I [Link]: MIHAIL callLauncherActivity2
05-31 11:03:18.023 10547 10560 I [Link]: NativeAlloc concurrent copying GC
freed 95116(5943KB) AllocSpace objects, 77(2776KB) LOS objects, 60% free,
15MB/39MB, paused 428us total 201.616ms
05-31 11:03:18.037 10547 10562 W System : A resource failed to call end.
05-31 11:03:18.037 10547 10562 W System : A resource failed to call end.
05-31 11:03:18.083 10547 10781 I [Link]: [okhttp]:check permission begin!
05-31 11:03:18.083 10547 10781 I [Link]: [okhttp]:not MMS!
05-31 11:03:18.083 10547 10781 I [Link]: [okhttp]:not Email!
05-31 11:03:18.083 10547 10781 I [Link]: [OkHttp] sendRequest>>
05-31 11:03:18.083 10547 10781 I [Link]: [OkHttp] sendRequest<<
05-31 11:03:18.089 10547 10547 D x1y2z : onpostexecute news not null
05-31 11:03:18.090 10547 10547 D x1y2z : onpostexecute adapter not null
05-31 11:03:18.140 10547 10781 W [Link]: [Link]:
[Link]
05-31 11:03:18.140 10547 10781 W [Link]: at
[Link](HttpURLConnect
[Link])
05-31 11:03:18.140 10547 10781 W [Link]: at
[Link](Delegat
[Link])
05-31 11:03:18.140 10547 10781 W [Link]: at
[Link](HttpsURLConne
[Link])
05-31 11:03:18.140 10547 10781 W [Link]: at
[Link]([Link])
05-31 11:03:18.140 10547 10781 W [Link]: at
[Link]$[Link]([Link])
05-31 11:03:18.140 10547 10781 W [Link]: at
[Link]$[Link]([Link])
05-31 11:03:18.140 10547 10781 W [Link]: at
[Link]$[Link]([Link])
05-31 11:03:18.140 10547 10781 W [Link]: at
[Link]([Link])
05-31 11:03:18.140 10547 10781 W [Link]: at
[Link]$SerialExecutor$[Link]([Link])
05-31 11:03:18.140 10547 10781 W [Link]: at
[Link]([Link])
05-31 11:03:18.140 10547 10781 W [Link]: at
[Link]$[Link]([Link])
05-31 11:03:18.140 10547 10781 W [Link]: at
[Link]([Link])
05-31 11:03:18.140 10547 10547 D x1y2z : onpostexecute news not null
05-31 11:03:18.140 10547 10547 D x1y2z : onpostexecute adapter not null
05-31 11:03:18.141 10547 10667 I [Link]: [okhttp]:check permission begin!
05-31 11:03:18.141 10547 10667 I [Link]: [okhttp]:not MMS!
05-31 11:03:18.141 10547 10667 I [Link]: [okhttp]:not Email!
05-31 11:03:18.149 10547 10667 I [Link]: [socket]:check permission begin!
05-31 11:03:18.336 10547 10667 I [Link]: [OkHttp] sendRequest>>
05-31 11:03:18.336 10547 10667 I [Link]: [OkHttp] sendRequest<<
05-31 11:03:18.562 10547 10667 W [Link]: [Link]:
[Link]
05-31 11:03:18.562 10547 10667 W [Link]: at
[Link](HttpURLConnect
[Link])
05-31 11:03:18.562 10547 10667 W [Link]: at
[Link](Delegat
[Link])
05-31 11:03:18.562 10547 10667 W [Link]: at
[Link](HttpsURLConne
[Link])
05-31 11:03:18.563 10547 10667 W [Link]: at
[Link]([Link])
05-31 11:03:18.563 10547 10667 W [Link]: at
[Link]$[Link]([Link])
05-31 11:03:18.563 10547 10667 W [Link]: at
[Link]$[Link]([Link])
05-31 11:03:18.563 10547 10667 W [Link]: at
[Link]$[Link]([Link])
05-31 11:03:18.563 10547 10667 W [Link]: at
[Link]([Link])
05-31 11:03:18.563 10547 10667 W [Link]: at
[Link]$SerialExecutor$[Link]([Link])
05-31 11:03:18.563 10547 10667 W [Link]: at
[Link]([Link])
05-31 11:03:18.563 10547 10667 W [Link]: at
[Link]$[Link]([Link])
05-31 11:03:18.563 10547 10667 W [Link]: at
[Link]([Link])
05-31 11:03:18.563 10547 10547 D x1y2z : onpostexecute news not null
05-31 11:03:18.563 10547 10547 D x1y2z : onpostexecute adapter not null
05-31 11:03:18.741 10547 10733 I AXL : Loading [Link]..
05-31 11:03:18.749 10547 10733 I AXL : Loading [Link]..
05-31 11:03:18.759 10547 10733 I AXL : Loading [Link]..
05-31 11:03:18.761 10547 10733 I AXL : Loading [Link]..
05-31 11:03:19.428 10547 10733 I AXL : Loading [Link]..
05-31 11:03:20.526 10547 10733 I AXL : Loading [Link]..
05-31 11:03:20.575 10547 10733 I AXL : Loading [Link]..
05-31 11:03:21.867 10547 10733 I AXL : CGame_Init3_hook
05-31 11:03:21.868 10547 10733 I AXL : texture loaded cloudy_1
05-31 11:03:21.868 10547 10733 I AXL : texture loaded cloudy_2
05-31 11:03:21.868 10547 10733 I AXL : texture loaded cloudy_3
05-31 11:03:21.868 10547 10733 I AXL : texture loaded cloudy_1
05-31 11:03:21.868 10547 10733 I AXL : texture loaded cloudy_2
05-31 11:03:21.868 10547 10733 I AXL : texture loaded cloudy_4
05-31 11:03:21.869 10547 10733 I AXL : texture loaded cloudy_1
05-31 11:03:21.869 10547 10733 I AXL : texture loaded cloudy_2
05-31 11:03:21.869 10547 10733 I AXL : texture loaded cloudy_1
05-31 11:03:21.869 10547 10733 I AXL : texture loaded cloudy_3
05-31 11:03:21.869 10547 10733 I AXL : texture loaded cloudy_4
05-31 11:03:21.869 10547 10733 I AXL : texture loaded cloudy_2
05-31 11:03:21.869 10547 10733 I AXL : texture loaded cloudy_4
05-31 11:03:21.869 10547 10733 I AXL : texture loaded cloudy_3
05-31 11:03:21.869 10547 10733 I AXL : texture loaded cloudy_2
05-31 11:03:21.869 10547 10733 I AXL : texture loaded cloudy_3
05-31 11:03:21.869 10547 10733 I AXL : texture loaded cloudy_2
05-31 11:03:21.869 10547 10733 I AXL : texture loaded cloudy_3
05-31 11:03:21.869 10547 10733 I AXL : texture loaded cloudy_3
05-31 11:03:21.869 10547 10733 I AXL : texture loaded cloudy_5
05-31 11:03:21.869 10547 10733 I AXL : texture not loaded stars_1
05-31 11:03:21.983 10547 10560 I [Link]: NativeAlloc concurrent copying GC
freed 55844(2239KB) AllocSpace objects, 6(560KB) LOS objects, 62% free, 14MB/38MB,
paused 126us total 112.800ms
05-31 11:03:22.001 10547 10562 W System : A resource failed to call end.
05-31 11:03:22.001 10547 10562 W System : A resource failed to call end.
05-31 11:03:22.789 10547 10733 I AXL : CCustomPlateManager::Initialise...
05-31 11:03:22.863 10547 10733 I AXL : CGame: InitInGame
05-31 11:03:22.864 10547 10733 I AXL : Installing patches (ingame)..
05-31 11:03:22.864 10547 10733 I AXL : 1
05-31 11:03:22.864 10547 10733 I AXL : 2
05-31 11:03:22.864 10547 10733 I AXL : 0
05-31 11:03:22.864 10547 10733 I AXL : 1
05-31 11:03:22.864 10547 10733 I AXL : 2
05-31 11:03:22.864 10547 10733 I AXL : 3
05-31 11:03:22.864 10547 10733 I AXL : 4
05-31 11:03:22.864 10547 10733 I AXL : 5
05-31 11:03:22.864 10547 10733 I AXL : 6
05-31 11:03:22.864 10547 10733 I AXL : InGame patches successfully installed!
05-31 11:03:22.865 10547 10733 I [Link]: MIHAIL callLauncherActivity1223
05-31 11:03:22.865 10547 10733 I [Link]: MIHAIL callLauncherActivity1555
05-31 11:03:22.865 10547 10733 I AXL : created player 2
05-31 11:03:22.865 10547 10733 I AXL : GUI | CreateDeviceObjects.
05-31 11:03:22.877 10547 10733 I AXL : GUI | Font atlas width: 512, height:
512, depth: 32
05-31 11:03:22.895 10547 10733 I AXL : GUI | Vertex buffer reallocated. Size:
200000
05-31 11:03:26.364 10547 10547 I AXL : Folder SAMP is original
05-31 11:03:26.364 10547 10547 I [Link]: MIHAIL callLauncherActivity122
05-31 11:03:26.366 10547 10547 I AXL : Registering RPC's..
05-31 11:03:26.366 10547 10547 I AXL : Registering ScriptRPC's..
05-31 11:03:32.264 10547 10733 I AXL : Incoming packet: ID_AUTH_KEY
05-31 11:03:32.264 10547 10733 I AXL : [AUTH] 4CFF5B6D2DFEE8C ->
2BE250E17B9DA75FC5396F88DA34C75829E2E5C7
05-31 11:03:32.883 10547 10733 I AXL : RPC: ScrSetPlayerHealth
05-31 11:03:32.883 10547 10733 I AXL : RPC: ScrSetPlayerArmour
05-31 11:03:32.883 10547 10733 I AXL : RPC: ScrSetPlayerArmour
05-31 11:03:32.883 10547 10733 I AXL : RPC: InitGame
05-31 11:03:32.884 10547 10733 I AXL : Count = 455
05-31 11:03:32.884 10547 10733 I AXL : RPC: ScrSetCameraPos
05-31 11:03:32.884 10547 10733 I AXL : RPC: ScrSetCameraLookAt
05-31 11:03:32.884 10547 10733 I [Link]: MIHAIL callLauncherActivity1238
05-31 11:03:32.884 10547 10733 I [Link]: MIHAIL callLauncherActivity1235
05-31 11:03:32.887 10547 10547 D AXL : dialogIdActive: 1
05-31 11:03:33.118 10547 10733 I AXL : [IsModelLoaded] iModelID: 79
05-31 11:03:33.118 10547 10733 I AXL : IsModelLoaded false!
05-31 11:03:33.118 10547 10733 I AXL : LoadRequestedModels
05-31 11:03:34.486 10547 10733 I AXL : LoadRequestedModels done!
05-31 11:03:34.486 10547 10733 I AXL : [IsModelLoaded] iModelID: 79
05-31 11:03:34.486 10547 10733 I AXL : IsModelLoaded true!
05-31 11:03:34.667 10547 10547 I AssistStructure: Flattened final assist data:
12020 bytes, containing 2 windows, 102 views

You might also like